8*w - 37. List the prime factors of d(r).
5, 61
Let b be ((-4440)/(-9))/(-5) + (-1)/3. Let h be (-264)/b - ((-4)/3 + 1). Let o(y) = 4*y**3 + y**2 + 7*y - 2. What are the prime factors of o(h)?
2, 17
Let m(w) be the second derivative of -3/2*w**2 + 0 + w**4 + 11*w - 5/6*w**3. What are the prime factors of m(4)?
13
Let v(b) = -4*b**3 + b**2 - 5*b + 5. Let c be v(1). What are the prime factors of (5336/(-69))/(2/c)?
2, 29
Let x(l) be the second derivative of -39*l**5/10 + l**3/3 + l**2/2 - 1317*l. Suppose -1 = 4*a + 3. What are the prime factors of x(a)?
7, 11
Let i = 22 - 22. Suppose 53*w - 56*w + 2217 = i. List the prime factors of w.
739
Let c = 23670 - 22532. List the prime factors of c.
2, 569
Let z(d) be the third derivative of 11*d**4/6 + d**3/6 + d**2. Let q(w) = 2*w**2 + 6*w + 6. Let k be q(-1). List the prime factors of z(k).
89
Let n(x) = x**3 + 65*x**2 + 52*x + 45. What are the prime factors of n(-57)?
3, 7691
What are the prime factors of -1 - 4/(-16) - (-3 + (-29589)/12)?
2, 617
Suppose 5*r - 1962 = 1828. Suppose -2*c - 2*l = -r - 800, 3116 = 4*c - l. What are the prime factors of c?
19, 41
Let f be 1*1*87*2. Let x = -3936 + 3943. Suppose -x*j = -f - 162. List the prime factors of j.
2, 3
Let q = 3137 + -2821. List the prime factors of q.
2, 79
What are the prime factors of -6*4/(-108) - 20997800/(-450)?
2, 3, 7, 11, 101
Suppose -6*f + 9*f = 12. Suppose f*d - t - 775 = 0, -409 = -2*d + 5*t - 8. Suppose -3*u + d = -r + 23, -4*u = 3*r - 231. List the prime factors of u.
3, 19
Let m(x) = -27*x - 86. Let v be m(-14). Suppose 50 = n + 2*k - 98, 2*n = -3*k + v. List the prime factors of n.
2, 5, 7
Suppose 5*h + 113 = -57. Let d = h - -216. What are the prime factors of d?
2, 7, 13
Let t = 67395 + -38233. List the prime factors of t.
2, 7, 2083
Let i(f) = -128*f - 1011. What are the prime factors of i(-31)?
2957
Let k(r) be the third derivative of -11*r**6/20 + r**5/30 - r**4/12 - r**3/2 - 44*r**2. Let c be k(-1). Suppose c = d - 153. What are the prime factors of d?
2, 5, 11
Let w be (-645 - -48)*(-1)/3. Let q = w - -205. List the prime factors of q.
2, 101
Let u = 6708 - 2289. List the prime factors of ((-8)/24)/((-3)/u).
491
Suppose -92 = -4*v - 2*l, -4*l + 0 = -v + 5. Let i = v - 23. What are the prime factors of 90/5 + (i - 2)?
2, 7
Let j = -2900 - -12553. List the prime factors of j.
7, 197
Let y(l) = 10*l - 10. Let q(s) = 60*s - 58. Let x(j) = -6*q(j) + 38*y(j). List the prime factors of x(7).
2, 3
Let n = 1376 - -2281. List the prime factors of n.
3, 23, 53
Suppose 668 = 82*u - 644. Suppose 5*l + 5*g - 375 = 0, -3*l + 3*g - 74 = -323. Let v = l - u. What are the prime factors of v?
3, 7
Let t be 15/45 + (-11499)/(-9). Suppose 14*x = 17*x - t. List the prime factors of x.
2, 3, 71
Let o = -4531 - -8524. List the prime factors of o.
3, 11
Suppose -7*j - 10 + 122 = 0. Let b = j - -184. What are the prime factors of b?
2, 5
Suppose 4*k - 20 = 4*u, 0 = k + 2*k - u - 19. Let b(s) be the second derivative of s**4/12 + s**3/2 + 166*s. List the prime factors of b(k).
2, 5, 7
Let u(g) = -14*g - 27*g - 124 + 53. What are the prime factors of u(-7)?
2, 3
Let r(i) = i**3 + 9*i**2 + 5*i + 8. Let c be r(-7). Suppose y = 41 - c. Let a = y + 120. List the prime factors of a.
2, 3, 5
Let g = 177 - 173. Suppose -5*s = -v + 937, 8*s = -g*v + 5*s + 3679. List the prime factors of v.
2, 461
Suppose -4*j = 5*t - 2*t - 28, 0 = -5*t - j + 24. Suppose 2*w + 0*v - t = -4*v, -3*w + 15 = 3*v. Suppose -s - 511 = -w*s. List the prime factors of s.
73
Suppose 18*t - 54 = 21*t. Let s = t + 17. List the prime factors of (-41)/(s/(3/6) + 1).
41
Suppose 3*s + 22638 - 1247 = x, -2*s + 213782 = 10*x. What are the prime factors of x?
21379
Let y(c) = -22*c - 28. Let t be y(-24). Let q = t - 154. List the prime factors of q.
2, 173
Let j = -176 + 81. Let t be 7/(j/(-20) + -5). List the prime factors of 11*7*((-16)/t + 2).
2, 3, 11
Let h be (82/8)/((-1)/(-12)). Let w = -500 - -416. Let o = h + w. What are the prime factors of o?
3, 13
Let y = 5796 - -4613. What are the prime factors of y?
7, 1487
Let j(r) be the second derivative of 67*r**3/6 + 23*r**2/2 - 2*r - 24. List the prime factors of j(6).
5, 17
Let b(w) = w**2 - 21*w + 64. Let z be b(17). What are the prime factors of 3 - (-6410)/15*(-6)/z?
2, 7, 23
Suppose 2*r - 126 = 3*v, -3*r + 238 = 3*v + 49. Let z be (-18)/r + 1/((-14)/(-74)). Suppose 288 = -3*h + z*h. List the prime factors of h.
2, 3
Suppose 0 = 33*c - 36*c + 828. Let t = c + 27. Let i = t + -106. What are the prime factors of i?
197
Suppose 0 = 12*q - 19*q. Suppose 42*s - 6523 - 11957 = q. What are the prime factors of s?
2, 5, 11
Suppose 0 = -13*u + 244253 + 5958. List the prime factors of u.
19, 1013
Let v(u) = 26*u**2 - u. Let x be v(3). Suppose 4*w - 888 = -s, w - 8*s = -6*s + x. Let q = 361 - w. List the prime factors of q.
2, 3, 23
Let d be (-18)/9*1/(-2)*1. List the prime factors of (-673)/((6 - 7)*d).
673
Let s = -43 + 46. Suppose 6 = s*b - 3. Suppose 112 = -b*w + 325. List the prime factors of w.
71
What are the prime factors of 23781 - (25 + -6 - 15)?
13, 31, 59
Let u = -58 + 60. Suppose 0 = t + u*c - 268 - 892, -3*t = -4*c - 3450. What are the prime factors of t?
2, 577
Let j(t) = t**3 + 6*t**2 - 4*t - 19. Let m be j(-6). Suppose -7*k = -9*k - m*d + 3191, -d - 6393 = -4*k. What are the prime factors of k?
2, 17, 47
Suppose -2*t + 22 = -2*g, 7 = 3*t - 8. Let d be -1*2*3/g. List the prime factors of (-1)/d*(-192)/((-12)/(-4)).
2
Suppose -3017920 = -26*w - 107*w - 27*w. List the prime factors of w.
2, 9431
Let h = 29390 + -24776. What are the prime factors of h?
2, 3, 769
Let p(j) = j**3 + 5*j + 589. Suppose -2*g + 5*y - 2*y - 15 = 0, -g - y = -5. List the prime factors of p(g).
19, 31
Suppose 0 = -4*q + 11*q + 91. List the prime factors of (78/12)/q - 2185/(-2).
2, 3, 7, 13
Suppose 22*m = 6*m. Let d be -1 + -5*(-1 + 0). What are the prime factors of -42*(m + 10/(-8))*d?
2, 3, 5, 7
Suppose -1949352 + 5769514 = 142*g - 5313562. List the prime factors of g.
2, 29, 1109
Let z(x) be the second derivative of x**5/20 - x**3/3 + 46*x. Let a be z(2). Suppose 785 = a*h + 117. List the prime factors of h.
167
Let p be ((-1179)/36)/(3/(-72)). Suppose 2*c - 4*c + 4*r = -p, 5*c - 2025 = -2*r. Suppose -5*y + c + 47 = 0. List the prime factors of y.
2, 3, 5
Let h(g) = 1114*g**2 + 10*g - 15. Let q be h(2). Suppose -9*b - 402 = -q. List the prime factors of b.
11, 41
Let v(d) be the first derivative of -13*d - 7 + 1/4*d**4 + 3*d**2 - 2/3*d**3. List the prime factors of v(4).
43
Let j be (-39 - -37)*(-1)/(1/(-2)). Suppose -3*k - 97 = o, -4*o + 122 = -2*k - k. Let l = j - k. What are the prime factors of l?
2, 3, 5
Suppose -2 = -17*s + 49. Suppose -s*d - 29 = -3*m - 8*d, 15 = 2*m - d. Suppose 0 = -10*t + m*t + 226. List the prime factors of t.
113
Let b = 35553 + -27722. What are the prime factors of b?
41, 191
Suppose 4*f + 4*m - 276412 = 0, -6*f - 5*m = -2*f - 276418. List the prime factors of f.
7, 9871
Suppose 2*w = -4*k - 46, 4*w + 52 = -6*k + 2*k. Let y = -9 - k. List the prime factors of 2 + 105/1 + y.
2, 3
Let g = -44133 - -63672. List the prime factors of g.
3, 13, 167
Suppose -4*j - 30 = -5*w, -j - 16 - 2 = -3*w. Suppose 22*v + w*v = 25620. What are the prime factors of v?
3, 5, 61
Let q be 1*(-1 + 0)*-4. Let u(i) = -4*i**3 - 1 - 3*i**2 - i - q*i + i**3 + 12*i. What are the prime factors of u(-4)?
5, 23
List the prime factors of ((-68964)/(-35) + 3 + 0)*5.
3, 11, 13, 23
Let p(z) = z + 6 - 4*z - 3 - 2 + 4*z**2. Let h be p(1). Suppose -h*o = 4*o - 240. List the prime factors of o.
2, 5
Suppose 36 = -11*c + 8*c. Let x be (-2 - 28/c)*-33. Let o(f) = f**2 + 9*f - 15. What are the prime factors of o(x)?
7
Let s(p) be the third derivative of 28*p**2 + 5/3*p**4 - 3/2*p**3 + 0*p + 0. List the prime factors of s(5).
191
Let i = -522 + 1126. Suppose 9*r - i = 1664. List the prime factors of r.
2, 3, 7
What are the prime factors of 5 + -21 + (0 - -15240)?
2, 11, 173
Suppose -4*r - 16 = 0, -4*r - 213 = 5*n + 503. Let x = 410 + n. List the prime factors of x.
2, 3, 5
Let q be 4/((-140)/325) + (-2)/(-7). Let g = -52 - -50. What are the prime factors of 120 + (2/g)/(q/(-9))?
7, 17
Let c(t) = -187*t + 33. Let p be c(-7). Let n = p + -704. What are the prime factors of